emainder when f is divided by 1*2 - (3 - 17).
15
Let y be (-2)/10 + (-414)/(-45). Calculate the remainder when 11 is divided by y - 3/(3/2).
4
Let x = 24 + 20. Let p = 32 - 17. Calculate the remainder when x is divided by p.
14
Let g = 30 + -5. What is the remainder when g is divided by 14?
11
Let n(l) = -l**3 + 3*l**2 - 5*l + 5. Let y be n(2). Let r(v) = -6*v + 1. What is the remainder when 11 is divided by r(y)?
4
Let t be ((-1)/(-2))/(3/30). Suppose 0*u + u + 122 = t*i, -4*u + 64 = 3*i. What is the remainder when i is divided by 9?
6
Let h(s) = 14*s - 1. Let k be h(1). Suppose 0 = -u - 6 + k. Calculate the remainder when 19 is divided by u.
5
Suppose 0 = 2*n + n. Let y(j) = j - 6. Let t be y(n). Let g = t - -10. Calculate the remainder when g is divided by 3.
1
Suppose y + 2*z = -0*y, y + z = -1. Let g be 2*(-2 - (-5)/y). What is the remainder when 24 is divided by 74/6 + (-6)/g?
11
Suppose 0*i + 2*i - 148 = 0. What is the remainder when i is divided by 25?
24
Let w = 30 + -17. Suppose -j + 4*i - w = 0, -2*i + 10 = -0*i. What is the remainder when j is divided by 3?
1
Let m = -33 - -52. Calculate the remainder when (-146)/(-4) - 1/2 is divided by m.
17
Let q(w) = -w**3 + 17*w**2 + w - 9. Calculate the remainder when q(17) is divided by 4.
0
Let r(k) = -k**3 + 24*k**2 + k - 17. Calculate the remainder when 59 is divided by r(24).
3
Let j(p) be the second derivative of p**4/6 + p**3 + 7*p**2/2 - 2*p. Calculate the remainder when 40 is divided by j(-4).
10
Suppose 4*g + 3*h = 68, 2*g - 35 - 1 = -h. Calculate the remainder when g is divided by 8/6*6/(-4) - -13.
9
Let d = -27 + 42. What is the remainder when 27 is divided by d?
12
Calculate the remainder when (-2)/(-2)*3 - -2 is divided by 1.
0
Let s(o) = 3*o**2 - 4*o**2 - 3*o + 3*o + 30 + o**3. What is the remainder when s(0) is divided by 16?
14
Let z(g) = g**3 - 3*g**2 - 6*g + 6. Let y be -1*(-7 - (-3 - -2)). Let r be z(y). Suppose -2*b - b + r = 0. Calculate the remainder when b is divided by 9.
8
Suppose -2*w + 8 = 5*c - 96, -w - 2*c + 51 = 0. What is the remainder when w is divided by 18?
11
Let k = 82 + -43. Calculate the remainder when k is divided by 21.
18
Suppose -4*d + 33 = -3*c, d - 3*c + 0*c - 15 = 0. Calculate the remainder when d is divided by 5.
1
Let l(v) be the third derivative of v**5/60 + 5*v**4/24 + v**3/3 + v**2. Let s be l(-4). Let k = 10 + s. What is the remainder when k is divided by 3?
2
Suppose -3*a = 99 - 159. What is the remainder when 39 is divided by a?
19
Let s = 2 - -11. What is the remainder when s is divided by 4?
1
Let h(r) = r**2 - 6*r + 16. Calculate the remainder when 60 is divided by h(6).
12
Suppose -19 = 4*k - 111. Calculate the remainder when 45 is divided by k.
22
Suppose 0 = -m - 2*j - 2*j + 42, 0 = 3*m + j - 93. What is the remainder when 116 is divided by m?
26
Let i(v) = v - 8. Let c be i(8). Suppose w = -0*w + 2*g + 19, 5*w = -5*g + 35. What is the remainder when -1 + 2 + c + 20 is divided by w?
10
Suppose -4*z + 18 = -30. Let n = z - 6. Calculate the remainder when n is divided by 4.
2
Suppose 16 = 5*r - 34. Let w(t) = t**3 + 10*t**2 - 4*t - 13. Calculate the remainder when w(-10) is divided by r.
7
Suppose -6*n + 109 = -2*n + 3*j, 0 = -4*n + 5*j + 85. Suppose -28 = -2*x - 2. Let m = n - x. Calculate the remainder when 22 is divided by m.
10
What is the remainder when 9 is divided by (-9)/((-36)/16) - -1?
4
Let g(q) be the first derivative of q**3/3 - q**2/2 - 2*q - 3. Let u be g(-2). Calculate the remainder when ((-6)/u)/((-6)/64) is divided by 9.
7
Let f(g) = -g - 1. Let l(j) = -j**3 + 4*j**2 + 7*j - 6. What is the remainder when l(4) is divided by f(-7)?
4
Suppose -2*m + 3 = 1. Let a be 1 + (-1 - 2) + 77. What is the remainder when (4 - 2) + m*a is divided by 26?
25
Let y(c) = 10*c - 6. Let d = 21 - 9. Calculate the remainder when y(4) is divided by d.
10
Let n(y) = -3*y**3 - y**2 - 3*y. Calculate the remainder when n(-3) is divided by 12.
9
Suppose 5*k - 6 = 4*k. Let f = -22 + 11. Let q = 27 + f. Calculate the remainder when q is divided by k.
4
Suppose 3*g - 20 = 7. Let c(w) = w**3 - 7*w**2 - 9*w - 7. Calculate the remainder when c(g) is divided by 19.
17
Calculate the remainder when 86 + 1 + 5/(-1) is divided by 21.
19
Suppose -10 = -c + 57. What is the remainder when c is divided by 14?
11
Let r(m) = 3*m**2 - 3*m + 5. What is the remainder when 52 is divided by r(2)?
8
Let c(l) = -12*l - 10. Let f(i) = 13*i + 10. Let r(d) = 6*c(d) + 5*f(d). What is the remainder when r(-4) is divided by 10?
8
Suppose -3*w + 6*w = 9, -68 = -2*h - 4*w. Suppose -3*r = 2*s, -2*r = -2*s + 4*s. Let f = 10 - s. What is the remainder when h is divided by f?
8
Suppose 2*m = -5*f + 33, 2*m = 5*m - 4*f - 38. What is the remainder when m - (-3 - -2)*-3 is divided by 4?
3
Suppose -4*n - v + 1 = -2*v, 1 = 3*n - v. Suppose -5*i = -n*i - 95. Calculate the remainder when 74 is divided by i.
17
Let m = -5 + 16. Let c = 72 + -40. What is the remainder when c is divided by m?
10
Let b(f) = -f**3 + 11*f**2 - 8*f - 2. Let w = -109 - -179. Calculate the remainder when w is divided by b(10).
16
Suppose 0 = -6*h + 2*h + 84. Suppose -36 + 28 = -4*v. Let d = v + 6. Calculate the remainder when h is divided by d.
5
What is the remainder when (4/6)/((-10)/(-1890)) is divided by 32?
30
Let y(o) = -o**2 + 10*o - 4. Let w be y(9). Suppose c - 14 = -5*n, -50 = 2*c - 7*c - w*n. Calculate the remainder when c is divided by 4.
1
Let l(f) = f + 3. Let h be l(0). Suppose g = -h*g + 20. Calculate the remainder when 13 is divided by g.
3
Let x(u) = -u**2 - 11*u - 4. Let t(a) = a + 1. Let y be t(3). Suppose 0 = 2*k + 4*p, 4*k + k - y*p + 56 = 0. What is the remainder when x(k) is divided by 7?
6
Let j = -20 + 46. Calculate the remainder when 51 is divided by j.
25
Suppose -5*v + 65 = -50. Let m = v + -8. What is the remainder when m is divided by 9?
6
Suppose 0 = -4*r + 12 - 0. Suppose 2*x = -r*h - 21, -4*x + 5*h + 8 = h. Let g = x - -5. Calculate the remainder when g is divided by 1.
0
Suppose -86 = -5*s - 0*s - 4*u, -4*u - 4 = 0. Calculate the remainder when s is divided by ((-7)/2)/((-1)/2).
4
Suppose -4*s - 299 + 315 = 0. What is the remainder when 43 is divided by s?
3
Let b = 5 - -2. Suppose b*j - 2*j - 20 = 0. Suppose 0 = r - j, -5*h - 3*r + 2*r + 254 = 0. Calculate the remainder when h is divided by 17.
16
Suppose -304 = 26*i - 1968. What is the remainder when 189 is divided by i?
61
Suppose -2*j + 41 - 11 = 0. Let m = 20 + -19. Calculate the remainder when (m - (-46 + 2)) + -2 is divided by j.
13
Let q(p) = 2*p + 3. Let t be q(-2). What is the remainder when 33 is divided by -1 - t/(2/36)?
16
Suppose -14 = -n + 11. Calculate the remainder when 49 is divided by n.
24
Let w be 6/(-7)*(1 - 8). Suppose w - 26 = -5*u. Let k(x) = x**3 - 6*x**2 - x + 8. Calculate the remainder when u is divided by k(6).
0
What is the remainder when 89 is divided by (65/5)/(-1 + 2)?
11
Suppose -25 = -2*t + 49. Let n = -33 + 52. Calculate the remainder when t is divided by n.
18
What is the remainder when 37 is divided by 9 - (-1 + 0 + 0)?
7
Suppose 6*r + 20 = 10*r. What is the remainder when 19 is divided by r?
4
Suppose 8 - 35 = -p. What is the remainder when p is divided by 10?
7
Suppose -155 = -5*u - 15. What is the remainder when u is divided by 16?
12
Let w(d) = 2*d**2 - d + 2 + 3*d + 4*d**2. What is the remainder when w(-4) is divided by 23?
21
Calculate the remainder when (-116)/6*(-15)/10 is divided by 10.
9
Let r = 225 + -156. Calculate the remainder when r is divided by 36.
33
Suppose -428 = -c + g, -5*c + g = -0*c - 2144. Suppose 5*i = c - 154. Suppose -38 = 46*y - 48*y. Calculate the remainder when i is divided by y.
17
Suppose -7 = 5*p - 122. Calculate the remainder when 66 is divided by p.
20
Suppose -2*s - 3*r = 2*r - 37, r = 3*s - 30. Let j(t) = t**3 + 3*t**2 - 2*t + 4. What is the remainder when j(3) is divided by s?
8
Suppose p - 2*q - q + 6 = 0, p + 2 = 2*q. What is the remainder when 21 is divided by p?
3
Suppose 2*o - 140 = -2*o. Calculate the remainder when o is divided by 13.
9
Calculate the remainder when 84 + (0 - (1 + 2)) is divided by 42.
39
Suppose 4*o - 11 - 1 = 0. Suppose -4*f + 304 = 4*k, o*f + 0*k - 244 = k. Suppose 5*w = -0*w + f. Calculate the remainder when 46 is divided 